factors of c(14).
5, 53
Let b(x) = 320*x + 7227. What are the prime factors of b(49)?
22907
Let i(c) = 7*c**3 + 4*c**2 + 10*c + 11. Let o be i(-2). Let w be (-6)/21 + (-29022)/o. Suppose -2043 - w = -17*d. List the prime factors of d.
5, 31
Suppose 0 = -5*d + 3*q + 38 + 26, -4*d = 2*q - 38. Suppose -21 = -4*g + d. Let z = 29 + g. What are the prime factors of z?
37
Let y(u) = -1210*u - 1051. List the prime factors of y(-8).
8629
Let v = 875 - -1920. List the prime factors of v.
5, 13, 43
Let x(v) = -5497*v**3 + 4*v**2 + 11*v - 1. What are the prime factors of x(-2)?
43969
Suppose 39*v - 69396 = 25*v + 10558. What are the prime factors of v?
5711
Suppose 5*r - 2*r - 2*g = 7, -4*r + 3*g = -9. Suppose -3*v = -15, 0 = -r*q - 4*v - v + 3265. What are the prime factors of ((-36)/(-15))/(16/q)?
2, 3
Let v = 141 - 130. List the prime factors of ((-387)/27 + v)*2244/(-10).
2, 11, 17
Let o(g) = -16*g - 273. Let n(w) = 24*w + 411. Let m(p) = 5*n(p) + 7*o(p). What are the prime factors of m(23)?
2, 41
Let b = 2329 + 27013. List the prime factors of b.
2, 17, 863
Suppose 170475 = -325*i + 340*i. List the prime factors of i.
5, 2273
Suppose 3*a + 2*a - 35 = 0. Let d be a + 1/2*10. Let x = d - 10. What are the prime factors of x?
2
Let b be (-23 + 26)*(-1121)/3. Let x = b - -2463. List the prime factors of x.
2, 11, 61
Let u be 5*(21/15 - -1). Suppose -u*x + 139 = -3113. List the prime factors of x.
271
Suppose 2*a + 3*r = -2*a + 245, -2*r = -2*a + 140. Let o be (-4110)/(-959) + (-1 - (-10)/14). Suppose a = o*k + 5. What are the prime factors of k?
3, 5
Suppose 384*r - 379*r + 5*m = 34795, 2*r = 3*m + 13898. List the prime factors of r.
5, 13, 107
Suppose 6*g + 18 = 5*c + 4*g, 5*c = -3*g - 2. Suppose z + 4*z - 3646 = -c*w, z = 5*w - 9088. What are the prime factors of w?
2, 3, 101
Let a(s) = s**3 + 11*s**2 + 11*s - 16. Let i = -52 + 87. Suppose 4*u = -u - i. What are the prime factors of a(u)?
103
Suppose 4*o + 8*o - 68160 = 0. Suppose -12*j = -28*j + o. What are the prime factors of j?
5, 71
Let l be ((-854)/21)/((-2)/69). Let y = 2307 - l. What are the prime factors of y?
2, 113
Let s = 3218 - 2941. What are the prime factors of s?
277
Let c(t) = -3*t**2 - 20*t + 11. Let l be c(-7). Suppose -l*u + 1288 = 36. What are the prime factors of u?
313
Suppose -9434 - 9678 = -2*q. What are the prime factors of q?
2, 2389
Let m(d) = -3*d + 2. Let v be m(-2). Suppose 2*x = -3*l + v, -2*x = -7*x - l + 33. Let o(n) = 10*n - 14. What are the prime factors of o(x)?
2, 7
List the prime factors of (676/65)/(42/29995) + (-1)/3.
7, 1061
Let d(k) be the second derivative of k**5/20 + 7*k**4/12 - 5*k**3/3 - 5*k**2 + 2*k. Suppose -262 - 272 = 89*f. List the prime factors of d(f).
2, 43
Let m = -69 + -54. Let g = m - -129. Suppose 0 = 2*n - 8, 2*s - 3*n = -g*n + 72. What are the prime factors of s?
2, 3, 5
Let n(o) = -o**2 - 8*o - 7. Let m be n(-5). Suppose -2*h + h = u - 9, 4*u - 12 = 0. Suppose -h*p = -m*p + 192. What are the prime factors of p?
2, 3
List the prime factors of 454212/370*100/6.
2, 3, 5, 11, 31
Suppose -113*t + 586*t = 3123219. What are the prime factors of t?
3, 31, 71
Suppose 112*x - 107*x = 15. Suppose -x*d = -915 - 303. What are the prime factors of d?
2, 7, 29
Let m(w) = 23*w**2 - 47 - 10*w - 6*w + 5*w**3 - 12*w - 4*w**3. What are the prime factors of m(-24)?
7
Let q(s) = -s**3 - 10*s**2 + 19*s - 2. Let r be q(-13). Let p be -1*r/(-3 - (-9)/6). Let d = p + -107. List the prime factors of d.
5, 13
Let y(r) = 48*r + 105. Let d be y(-2). Suppose -d*l + 2782 = 901. List the prime factors of l.
11, 19
Suppose 2*j = -5*d + 7*d - 70, 3*j = -3. What are the prime factors of (34756/(-68))/(-1) + (-4)/d?
7, 73
Let f(x) = -x**3 - 11*x**2 + 3*x - 12. Let q be f(-13). Let b = 538 - q. Suppose 0 = 5*i + 4*w - 660, -w = 2*i - 2*w - b. What are the prime factors of i?
2
Let l(r) = 28*r - 17. Let d be l(2). Suppose -d = -6*i + 21. Suppose 996 = -i*q + 16*q. What are the prime factors of q?
2, 83
Let v(n) = -n + 7. Let k be v(2). Let x be 1/k + 5016/(-30). Let a = x + 300. What are the prime factors of a?
7, 19
Let z(f) = 2940*f + 6. Let r be z(13). Suppose 50*o = r + 924. List the prime factors of o.
3, 29
What are the prime factors of (-76)/209 - 1299116/(-44)?
5, 1181
Suppose 0 = -9*k + 7*k + m + 2099, 5*m - 3155 = -3*k. Suppose -8*w + k = -3142. What are the prime factors of w?
2, 131
List the prime factors of -17 + 4279/253 + (-275590)/(-46).
3, 1997
Suppose 22 = -p + 6. Let v be (10/(-3))/(p/24). Suppose -v = -h + 4. What are the prime factors of h?
3
What are the prime factors of -14 + 10 + 9736*2 + 2 + 3?
3, 6491
Let o(w) = -w + 6. Let g be o(6). Suppose g = -0*c - 2*c + f + 767, 3*c + 3*f = 1146. What are the prime factors of c?
383
Let m(x) = x**3 - 15*x**2 - 71*x + 38. Let p be m(19). Let b = p - -361. List the prime factors of b.
2, 13, 19
Suppose 48*t - 29716 = 29*t. Let y = t + -718. What are the prime factors of y?
2, 3, 47
Suppose -4*x - x + 5805 + 49915 = 0. What are the prime factors of x?
2, 7, 199
Let q = 38584 + -6458. List the prime factors of q.
2, 16063
Let x(w) = -29*w + 92*w**2 - 232 - 93*w**2 + 251. What are the prime factors of x(-19)?
11, 19
Let u = -33 + 36. Suppose 2*z - u*w + 195 = -2*w, w + 193 = -2*z. List the prime factors of (z/(-3))/((-5)/(-15)*1).
97
Suppose 8*u = u + 2*b + 357519, 3*u = b + 153223. List the prime factors of u.
11, 4643
Let c be 536/6 - 22/(-33). Suppose -94*y = -97*y + c. List the prime factors of y.
2, 3, 5
Let c(m) = m**2 + 26. Let n be c(0). Let y(h) = -h**2 - 27*h + 37. Let g be y(-27). Suppose -z = -s - g, 2*s - 17 = -z + n. What are the prime factors of z?
3, 13
Suppose -9*z = -13*z + 32. Let l = -4 - 0. List the prime factors of 68 + l/z*(1 + -3).
3, 23
Let v(w) = 403*w**2 - 205*w - 1491. What are the prime factors of v(-7)?
7, 29, 97
Let p = 8 - 12. Let a(q) be the first derivative of 8*q**3/3 + 2*q**2 - 4*q - 207. What are the prime factors of a(p)?
2, 3
Let k be (30/20)/(((-14)/8)/(-7)). What are the prime factors of (5 - -49) + 2 - k?
2, 5
Let k be (-12)/(-14) + 528/168. Suppose -1 = -l, 0*l = k*r + 5*l - 4869. List the prime factors of r.
2, 19
Let h be (-43)/((-189)/(-49) + -4). Suppose -4*m + 2*m + 637 = 3*u, -m - 5*u + h = 0. What are the prime factors of m?
2, 163
Let h = 103 - 101. Suppose 9 = 3*m, 3*f - h*f - 13 = 3*m. Suppose f = -k + 2*k. List the prime factors of k.
2, 11
Suppose z - 14126 = -0*i - 3*i, i - z - 4714 = 0. List the prime factors of i.
2, 3, 5, 157
Let j(i) = i**3 - 7*i**2 + 11*i - 2. Let o be j(4). List the prime factors of o*(-1)/((-9)/6) - -359.
5, 71
Let i = 35 - 67. Let j be 3/((-4)/(i/6)). What are the prime factors of -1 + -1 + j - 302/(-2)?
3, 17
Suppose -4*v - 856 = 2*y, -y - 6*v - 440 = -7*v. Let u = -11 + 7. List the prime factors of (-1)/(-1*u/y).
109
Suppose -14*z + 29*z = 90. What are the prime factors of ((-17847)/9 - z)*(-2)/6?
3, 13, 17
Let o = 97 + -97. Suppose -q - p + 148 = o, -2*q - 3*p + 463 = 171. List the prime factors of q.
2, 19
Suppose -35*c + 8*c + 54 = 0. Suppose 4*l - 2*h = 3224, c*l + 2*l - 3224 = 5*h. List the prime factors of l.
2, 13, 31
Let l(b) = b**3 - b**2 - 2*b + 8. Let d be l(0). Suppose -3*n = -2*r - 2, 0 = 2*n - r + 2*r + d. List the prime factors of (14/35)/(n/(-810)).
2, 3
Let a(h) = -2*h + 3*h**2 - 7*h + 0 + 16 - 2. List the prime factors of a(14).
2, 7, 17
Suppose -2*o + 3*j - 724 = -5995, -3*j + 10497 = 4*o. Let p = -1868 + o. List the prime factors of p.
2, 5, 19
Suppose 0 = 3*m + s - 125921, -5*m + 291354 = -4*s + 81446. What are the prime factors of m?
2, 3, 11, 53
List the prime factors of 72112 + 1/(4 - 231/55).
7, 10301
Let f(h) = -1 - 10 + 52*h + 0*h**3 - h**3 - 8*h**2 - 37*h. Let m = 20 - 30. List the prime factors of f(m).
3, 13
Let s(h) = -15*h + 10. Let v(u) = 4*u**3 + 24 + 15*u**2 + 27*u - 3*u**3 - 14. Let d be v(-13). What are the prime factors of s(d)?
5, 11
Let d = 9292 - 4057. What are the prime factors of d?
3, 5, 349
Let y be 2/10 - 3/(-5)*3. List the prime factors of (6/(-2))/(y/(-298)).
3, 149
Let x be (5/(6 + 4))/((-5)/9230). Let s = x - -1343. List the prime factors of s.
2, 3, 5, 7
Let r = 6061 + -1933. List the prime factors of r.
2, 3, 43
Let f(j) = -6*j + 4. Let y be f(-5). Suppose -171 = -3*n - 0*x - 4*x, -